-11).
-9
Let d(r) = -r**2 + 10*r - 18. Give d(6).
6
Let r(x) = x**3 - 5*x**2 - 4*x - 11. Determine r(6).
1
Let m(r) = -r**2 - r + 62. What is m(0)?
62
Let c(l) = 4*l - 83. What is c(26)?
21
Let g(i) = -4*i**2 + i - 1. What is g(3)?
-34
Let h(v) = -v**2 + 2*v + 1. What is h(-2)?
-7
Let f(p) = -p**2 - 5*p + 17. What is f(-8)?
-7
Let v(s) = -3*s - 29. What is v(-8)?
-5
Let u(f) = f**3 - f**2 + f - 23. What is u(0)?
-23
Let p(d) = 21*d - 2. Give p(-3).
-65
Let o(q) = -q**3 + 2*q**2 + 2. What is o(2)?
2
Let y(k) = -2*k**3 - 15*k**2 - 17*k - 68. What is y(-7)?
2
Let k(x) = x**2 + 3*x + 7. Give k(-6).
25
Let m(s) = -s**2 + 12*s + 201. Calculate m(21).
12
Let i(m) = 20*m - 55. Calculate i(4).
25
Let o(w) = -9*w - 1. Determine o(1).
-10
Let r(z) = -z**2 - 5*z - 9. Give r(-2).
-3
Let g(i) = -i**2 + 4. Calculate g(-5).
-21
Let g(r) = 24*r**3. Give g(-1).
-24
Let c(j) = 39*j - 163. Calculate c(4).
-7
Let v(m) = -3*m**3 - 36*m**2 - 32*m + 9. Calculate v(-11).
-2
Let k(c) = 2*c**2 - 4*c + 3. Calculate k(2).
3
Let j(w) = w**2 - 75*w + 534. Calculate j(8).
-2
Let k(i) = -i**2 + 5*i - 3. What is k(4)?
1
Let q(z) = z**2 - 8*z - 29. What is q(13)?
36
Let c(f) = 19*f. Give c(1).
19
Let m(t) = -2*t**3 + 7*t**2 - 9*t + 19. Calculate m(3).
1
Let y(p) = -9*p**2 + 2*p + 9. What is y(-2)?
-31
Let o(h) = h**3 + 6*h**2 - 5*h + 14. Give o(-7).
0
Let a(v) = 2*v**2 - 8*v - 2. Calculate a(5).
8
Let m(f) = -f**2 - 12*f - 21. Determine m(-11).
-10
Let u(p) = -4*p - 15. What is u(-3)?
-3
Let b(w) = w**3 - 10*w**2 - 3*w + 29. Calculate b(10).
-1
Let u(d) = 4*d**2 - 14*d - 8. Determine u(5).
22
Let q(n) = -4*n - 49. Give q(-12).
-1
Let v(t) = t**3 + 26. Calculate v(0).
26
Let r(y) = -y**3 + 3*y**2 + 8*y + 4. Give r(5).
-6
Let v(c) = -2*c**2 + 24*c + 3. Calculate v(12).
3
Let f(n) = 2*n**3 - 39*n**2 + 21*n - 8. Calculate f(19).
30
Let l(s) = s**3 - 11*s**2 + 12*s - 13. What is l(10)?
7
Let y(s) = s**2 - 18*s + 49. Calculate y(13).
-16
Let f(c) = -11*c**2 + 39*c + 9. Give f(4).
-11
Let t(o) = -o - 25. What is t(-21)?
-4
Let t(l) = 10*l + 7. Give t(-3).
-23
Let y(d) = -2*d**2 - 3*d + 2. Give y(1).
-3
Let i(v) = -12*v**2 - 3*v - 1. Calculate i(2).
-55
Let d(o) = -o**2 - 11*o - 13. Calculate d(-9).
5
Let r(m) = -m**2 + 11*m + 10. Give r(6).
40
Let g(n) = 4*n + 2. Calculate g(1).
6
Let h(i) = 3*i**3 + 34*i**2 + 16*i + 5. What is h(-11)?
-50
Let j(d) = -35*d - 166. Calculate j(-5).
9
Let y(c) = -c**3 - 2*c**2 + 2*c + 1. Give y(-2).
-3
Let y(g) = g**3 + 7*g**2 + 7*g + 10. Calculate y(-7).
-39
Let r(b) = -4*b**2 + 14*b + 24. What is r(5)?
-6
Let k(c) = -c**3 + 7*c**2 + 4*c + 13. What is k(8)?
-19
Let h(a) = -a**2 + 5*a + 9. Calculate h(9).
-27
Let x(l) = l**2 - 6*l + 15. Give x(6).
15
Let s(c) = -c**2 - 2*c - 6. Calculate s(-8).
-54
Let w(g) = g + 22. Give w(-15).
7
Let b(j) = -j**3 - 13*j**2 - 17*j - 7. Calculate b(-11).
-62
Let x(g) = g**3 - 16*g**2 + 4*g - 56. Calculate x(16).
8
Let q(m) = m**2 - 81*m - 526. What is q(-6)?
-4
Let u(y) = -2*y**2 - 24*y + 30. What is u(-13)?
4
Let c(j) = j**3 + 9*j**2 + 16*j + 28. Give c(-7).
14
Let v(g) = -24*g**2 + 2*g + 1. Give v(1).
-21
Let u(h) = 2*h + 14. Calculate u(0).
14
Let r(t) = 3*t**2 - t - 1. Give r(-1).
3
Let b(s) = -s - 1. What is b(5)?
-6
Let g(t) = -2*t**2 - 40*t - 1. What is g(-20)?
-1
Let x(o) = -o**3 + 24*o**2 - 25*o + 53. What is x(23)?
7
Let c(d) = d**3 - 2*d**2 - 3*d - 9. Give c(0).
-9
Let u(l) = 74*l**3 - 2*l**2 - 4*l + 5. Calculate u(1).
73
Let f(x) = x**2 + 5*x + 20. Determine f(-5).
20
Let t(q) = -2*q**2 - 30*q - 30. Determine t(-14).
-2
Let n(w) = -w**2 - 9*w - 12. What is n(-6)?
6
Let n(a) = 29*a - 62. Give n(2).
-4
Let h(o) = -6*o - 8. Calculate h(-7).
34
Let c(x) = x**2 - x - 25. Determine c(-7).
31
Let y(h) = -h**3 + 14*h**2 + 15*h - 9. What is y(15)?
-9
Let k(i) = -7*i + 20. Calculate k(2).
6
Let q(p) = -19*p - 54. Give q(-3).
3
Let x(o) = -2*o + 37. Calculate x(22).
-7
Let h(r) = -r**3 + 90*r**2 - 95*r + 535. Give h(89).
1
Let j(p) = -p**2 + 5*p + 5. Give j(6).
-1
Let q(x) = x**2 - 18*x + 13. Give q(12).
-59
Let f(v) = -39*v - 16. Give f(-2).
62
Let x(c) = -c**2 + 109*c - 518. Calculate x(5).
2
Let v(i) = -105*i + 99. Give v(1).
-6
Let f(b) = -32*b - 316. Give f(-10).
4
Let y(v) = v**3 + v**2 - 6*v - 11. Give y(-3).
-11
Let u(w) = w**2 - 35*w + 170. Determine u(29).
-4
Let s(u) = -u**3 + 6*u**2 - 2*u - 5. Calculate s(5).
10
Let t(b) = -2*b**2 - 17*b + 10. Give t(-8).
18
Let r(t) = 141*t**3 + t. What is r(1)?
142
Let f(z) = 73*z - 222. What is f(3)?
-3
Let z(y) = y**2 + 13*y + 24. Give z(-12).
12
Let h(d) = -7*d - 50. Determine h(-5).
-15
Let q(p) = -65*p - 57. Calculate q(-1).
8
Let j(f) = 5*f**2 - 2*f - 4. What is j(3)?
35
Let t(y) = -3*y - 5. Calculate t(-5).
10
Let l(q) = q**2 + 6*q - 4. Give l(-8).
12
Let s(q) = -4*q**2 - 3*q + 6. Determine s(4).
-70
Let w(j) = -j**3 + 7*j**2 + 8*j - 12. Determine w(8).
-12
Let w(d) = 2*d + 54. Determine w(-7).
40
Let y(k) = -k + 26. Give y(12).
14
Let c(w) = 4*w - 82. What is c(24)?
14
Let f(m) = m**3 - 8*m**2 + 6*m + 12. Calculate f(7).
5
Let i(n) = n**2 + 16*n - 10. Calculate i(-14).
-38
Let a(i) = -48*i - 288. Determine a(-6).
0
Let x(b) = b**2 + 14*b - 26. Determine x(-16).
6
Let w(r) = -r**3 + 7*r**2 - 5*r - 8. Calculate w(6).
-2
Let y(f) = 6*f**3 - f + 2. Calculate y(-2).
-44
Let b(s) = s**3 + 19*s**2 + 35*s + 12. What is b(-17)?
-5
Let b(i) = -2*i - 18. Calculate b(-9).
0
Let z(g) = -g - 4. Give z(6).
-10
Let g(r) = -3*r**2 + 17*r + 177. Give g(11).
1
Let t(w) = w**2 - 5*w - 66. What is t(-7)?
18
Let s(d) = -d + 12. What is s(-14)?
26
Let d(g) = -g**3 + 5*g**2 + 8*g - 8. Give d(5).
32
Let g(p) = p - 12. Give g(6).
-6
Let v(n) = -n**3 - 17*n**2 - 3*n + 8. What is v(-17)?
59
Let r(w) = -w**2 - 2*w. What is r(2)?
-8
Let b(d) = -35*d + 220. What is b(6)?
10
Let m(q) = q**3 - 21*q**2 - 23*q + 31. Determine m(22).
9
Let f(n) = -n**2 + 6*n - 12. Calculate f(4).
-4
Let l(s) = -17*s + 10. Determine l(4).
-58
Let a(n) = -13*n - 47. Calculate a(-4).
5
Let x(c) = 2*c**3 - 11*c**2 + 3*c. What is x(5)?
-10
Let q(d) = -3*d - 16. Calculate q(-5).
-1
Let l(t) = t**2 + 12*t + 7. Determine l(-11).
-4
Let o(q) = q**2 - 12*q + 29. Give o(9).
2
Let o(c) = -c**2 + 12*c + 26. Give o(0).
26
Let x(o) = 14*o - 4. Give x(-1).
-18
Let r(y) = y**2 + y + 59. Give r(0).
59
Let m(f) = -f**3 + 12*f**2 - f + 5. Calculate m(12).
-7
Let r(a) = a + 1. What is r(-3)?
-2
Let f(d) = -d - 22. Give f(-18).
-4
Let y(o) = o - 6. Calculate y(4).
-2
Let u(g) = -6*g + 8. Give u(3).
-10
Let m(z) = -z**3 - 6*z**2 + z + 12. Give m(-5).
-18
Let k(t) = -t**3 + 9*t**2 - 10*t - 1. Calculate k(8).
-17
Let c(r) = 5*r**2 + 48*r - 15. Calculate c(-10).
5
Let g(w) = w**2 + 2*w - 26. Give g(-6).
-2
Let k(s) = 3*s**2 + 31*s + 21. Calculate k(-9).
-15
Let w(p) = 2*p**3 + 11*p**2 + 10*p + 22. Give w(-5).
-3
Let a(t) = -35*t - 488. Calculate a(-14).
2
Let t(g) = -g**2 + 14*g - 42. Determine t(8).
6
Let h(x) = -x**3 + 17*x**2 + 3*x + 1. What is h(17)?
52
Let p(d) = -8*d - 27. Determine p(10).
-107
Let w(g) = g**2 - 17*g - 69. Calculate w(20).
-9
Let k(z) = -2*z**2 + 3*z + 5. Determine k(4).
-15
Let h(p) = -3*p**2 - 37*p + 35. Give h(-13).
9
Let w(c) = -c**3 - 12*c**2 - 8*c + 32. Give w(-11).
-1
Let m(q) = 7*q + 233. Determine m(-34).
-5
Let c(m) = -4*m**2 - 6. Determine c(-3).
-42
Let x(b) = 12*b + 61. Determine x(-6).
-11
Let f(p) = 4*p**3 - 20*p**2 - 2*p - 1. Calculate f(5).
-11
Let z(u) = 2*u**2 - 36*u - 7. Give z(0).
-7
Let w(u) = -u**3 + 10*u**2 - 5*u - 12. Determine w(10).
-62
Let o(j) = j**3 + 19*j**2 - 24*j - 35. Determine o(-20).
45
Let z(m) = -m**3 - 11*m**2 - 19*m - 15. Give z(-9).
-6
Let l(g) = g**3 + 30*g**2 + 2*g + 66. Give l(-30).
6
Let l(x) = 3*x**3 - 17*x**2 - x - 17. Calculate l(6).
13
Let y(u) = u**3 - 5*u**2 - u + 14. Calculate y(5).
9
Let q(r) = 2*r + 13. What is q(-6)?
1
Let l(y) = y**3 + 6*y**2 + 7*y + 8. What is l(-4)?
12
Let t(s) = 71*s**3 - s**2 + s. Calculate t(1).
71
Let d(u) = u**3 + u**2 + 2. Give d(-2).
-2
Let m(x) = 8*x - 192. Determine m(25).
8
Let m(l) = l**3 - 3*l**2 + 5*l - 7. Determine m(3).
8
Let t(f) = f**3 + 33*f**2 - 43*f - 304. Determine t(-34).
2
Let h(q) = 10*q + 58. Calculate h(-6).
-2
Let h(o) = o**3 + 11*o**2 + 33*o + 44. What is h(-7)?
9
Let v(i) = -i + 24. What is v(12)?
12
Let p(j) = -